 be r(24). Calculate o(k).
0
Suppose 42544 - 42544 = 18*m. Let f(i) be the third derivative of 0 + 1/120*i**6 + 23*i**2 - 1/20*i**5 + 0*i - 1/8*i**4 + m*i**3. Calculate f(4).
4
Let z(a) = -a**3 - 6*a**2 + a - 4. Let j(b) be the first derivative of 2*b**2 - 22*b - 54. Let p be j(4). Determine z(p).
-10
Let w(h) = -792*h**2 + 5*h + 2*h**3 - 4*h**3 - 3 + 3 + 803*h**2. What is w(6)?
-6
Let s = 18667 - 18688. Let c(r) = -r - 81. Determine c(s).
-60
Let j(l) = -67*l + 30*l - 14 + 12*l + 21*l. Determine j(6).
-38
Let n(w) be the first derivative of -7*w**2/2 + 17*w + 6110. What is n(9)?
-46
Let h(v) = 5*v**2 + 1. Let k be -2 + 2 + (-3)/3. Let d be h(k). Let o(g) = -4*g - 4*g**2 - 3*g**2 - 8 + 9*g**2 - g**2. Calculate o(d).
4
Let r(z) = 6*z**2 + z**3 - 25*z - 31*z + 62*z + 38. Let b be r(-6). Let v(m) = 4*m - 3. Give v(b).
5
Let d = -11360 - -11360. Let t(v) = -v**2 + 2*v + 142. Calculate t(d).
142
Let w(k) be the first derivative of k**4/6 - 7*k**3/6 - 3*k**2/2 - 72*k + 141. Let b(t) be the first derivative of w(t). Determine b(4).
1
Let c(k) be the first derivative of k**2 + k - 50. Suppose s - 5*s = 0. Suppose a + 2*n + 4 = -s*a, -23 = -4*a + 5*n. Determine c(a).
5
Let m = 244 + -234. Suppose z + a - 3 = 0, -4*z + m + 4 = 3*a. Let r(v) be the third derivative of -v**5/60 + 5*v**4/24 - 2*v**2. Give r(z).
0
Let f(h) be the first derivative of h**3/3 + 5*h**2/2 - 5*h - 2790. Calculate f(-5).
-5
Let k(d) = -2*d**2 + 14*d - 21. Let s be k(5). Let r be s/(-1)*2/10*5. Let i(b) = -6*b**3 + b**2 - 1. Give i(r).
-6
Let o(j) = -2 + 31*j - 3 - 30*j. Let a be (13 - 9) + (-2)/(-1). What is o(a)?
1
Let z be (2/(-8)*-4)/(5/10). Suppose -r = z - 3. Let l(p) = -p - 1. Calculate l(r).
-2
Let j(f) = 138*f**2 + 7*f - 3088 - 141*f**2 + 3076 + 4*f. What is j(7)?
-82
Let j be 9/45*-10 + 8 - 5. Let i(t) be the second derivative of -t**3/2 + t**2/2 + t. Calculate i(j).
-2
Let s(g) = -3*g**3 + 3*g**2 - 2. Suppose 1784 = 4*w + 4*l, -1338 = -3*w - l - 0*l. Suppose -w = -2*v - 442. Determine s(v).
-14
Let g = -221 - -222. Let p(y) = -10*y + 1. Let l(c) = c**2 - 2*c + 1. Let z(u) = g*p(u) - l(u). Determine z(-8).
0
Let k(x) = -11*x + 45. Let l(q) = 56*q**2 - 1121*q + 25. Let c be l(20). Give k(c).
-10
Suppose -2*c = -4*f + f + 88, 5*f - 155 = -5*c. Suppose -4*o + f = -14. Let g(h) = -1 - 25*h + o*h + 6*h. Determine g(-1).
7
Let h(d) = -472*d - 477*d - 4 + 1424*d - 3 - 474*d. Suppose 4*s - 2*p + 11 = 55, 0 = 3*s + 2*p - 40. Calculate h(s).
5
Suppose 4*m - 2*w - 94 = 0, -98*m + 3*w - 69 = -102*m. Let y(i) = -i**2 + 25*i + 44. Give y(m).
128
Let a(u) = u**2 + 5*u + 2. Let j be a(-5). Let x be 2 + 1*(j - 4) + -6. Let f(q) = 5 + 0 - 1 + 7*q + 7*q**2 + q**3. Calculate f(x).
-2
Let o(p) be the third derivative of p**6/120 - 3*p**5/20 + 3*p**4/4 - p**3/3 + 9*p**2 - 19*p + 5. Give o(5).
-12
Let g(z) be the third derivative of -z**7/2520 - z**6/120 + z**5/60 - z**4/8 + 2*z**3/3 + 13*z**2. Let t(n) be the second derivative of g(n). What is t(-6)?
2
Let a(g) = g**2 + 7*g + 5. Suppose -2*d - 10 = 0, 0 = h - 5*h - 4*d + 32. Suppose 2*o - 3 + h = 0. Determine a(o).
-5
Let i(j) be the second derivative of -j**3/2 + 9*j**2/2 + 7*j - 10. Let x(r) = -5*r + 13. Let t(h) = -8*i(h) + 5*x(h). Let a = 6 + -10. Determine t(a).
-3
Suppose -4*b - 4*z - 3 = -9*z, 3*z + 3 = 0. Let q be b/(-3)*15/10. Let y(k) = -4*k + 1. Give y(q).
-3
Let c(t) be the first derivative of t**4/4 + 2*t**3 - 4*t - 49. Let x be ((-6)/5)/(1/5). Let o be c(x). Let v(j) = j**3 + 4*j**2 - 4*j - 6. Calculate v(o).
10
Let m(o) = -2*o**3 + o**2 - o. Suppose -h = g - 3, 0 = -h + 3*h - 5*g + 8. Let c(p) = -3*p**3 - 4*p**2 - 2*p + 2. Let q(j) = h*c(j) - 2*m(j). What is q(6)?
2
Let y(t) = -t**2 - t + 24. Let h be (-3)/((-16)/(-32)*(-1 + 2)). What is y(h)?
-6
Let b(f) = -2*f**2 - 16*f. Let i = 279 - 265. Suppose -304*s + i = -306*s. What is b(s)?
14
Let l(b) = 5*b + 10. Let z(j) = 12*j + 21. Let n(a) = 7*l(a) - 3*z(a). Let s be (-96)/10 + 3/5. Let m(k) = k + 9. Let h be m(s). Calculate n(h).
7
Let z(v) be the first derivative of v**2/2 + 4*v - 14. Let a(n) = 14*n**2 + 7*n + 2. Let t be a(-2). Suppose -t = 5*r + b, -3*r + 5*b = 2*r + 20. Give z(r).
-4
Let g be 64/(-24)*-3 + -13. Let i(p) = 9*p - 5 + 1 - 6*p + 3. Give i(g).
-16
Let l(a) = -299*a**2 + 147*a**2 - 1 - 2*a + 8 + 154*a**2. Determine l(3).
19
Suppose -16 = -48*n + 44*n. Let p(b) be the first derivative of -b**4/24 + b**3/6 - 7*b**2/2 - 3. Let a(i) be the second derivative of p(i). Give a(n).
-3
Let h be 34/51 + 4/3. Let t(s) = 2*s**h - 5*s - 2 - 1 - 1 + 7. Suppose 14*u = 23*u - 27. Calculate t(u).
6
Suppose -5*d = -4*q + 60, 22*d + 5*q = 23*d + 33. Let i(g) = -2*g**2 - 14*g + 21. Give i(d).
5
Let c(p) = 116*p**2 + 17252*p**3 - 17253*p**3 + 17 - 107*p**2. Determine c(6).
125
Let s(c) = c + 6. Let r be s(-4). Let k be 1*(-5)/10 + 85/r. Let j(b) = 77*b - b**2 - 3 - k*b - 25*b - 2. What is j(7)?
16
Let a(g) = -2*g**3 - 2*g**2 - 3*g - 3. Let i(x) = 1 + 11*x + 2 - 2*x**2 + 6 + 3*x**2. Let q be i(-10). Let y be q/4 + (-4)/(32/14). What is a(y)?
11
Let u(x) be the second derivative of -x**7/420 - x**4/4 - 31*x**3/3 + 95*x. Let s(q) be the third derivative of u(q). What is s(1)?
-6
Let j = 333 + -306. Suppose j = 36*o - 9. Let i(c) = -2*c**2 - 1. Give i(o).
-3
Suppose 0 = -0*n - 5*n + 30. Suppose -v = -5*c - n, 0 = 4*v - 3*c + 5*c + 20. Let p(m) = -m**3 - 6*m**2 - 6*m - 4. What is p(v)?
-12
Let z = 481/426 + 171/142. Let x(o) be the third derivative of -z*o**3 - 1/12*o**4 + 0*o - 20*o**2 + 0. Give x(-11).
8
Let w(x) = -11*x - 1024. Let u be w(-94). Let y(r) = -r**3 + 10*r**2 - 3*r + 7. Give y(u).
-23
Let n be 4*(-20)/(-8)*1. Suppose 6 = -2*y - n. Let q be 18/y + 9/(-12). Let r(o) = 2*o + 2. Determine r(q).
-4
Suppose 0 = -4*f - 2*v + 18, v = -4*v + 5. Let x(m) = 18 - 26 + 13 + f*m**2 + 4*m + 0*m**3 - m**3. Let b = -12 + 17. Determine x(b).
0
Let r(b) be the third derivative of 0 + 0*b - 1/24*b**4 - 5/6*b**3 + 111*b**2. Give r(8).
-13
Let x(a) = 14*a + 84. Let l(s) = 11*s + 74. Let w(f) = 6*l(f) - 5*x(f). What is w(11)?
-20
Suppose -3*v = -4*l - 184, -3*l + v = 12 + 121. Let q = 45 + l. Let y(s) = 1 - s**2 + 8 + 10*s - 3*s - q. Determine y(6).
13
Let m(s) = 5*s**3 + 8*s - 5. Let g(y) = 7*y. Let n be g(1). Let t(b) = -6*b**3 - b**2 - 8*b + 6. Let r(c) = n*m(c) + 6*t(c). What is r(-7)?
-6
Let r(v) = v**3 - 5*v**2 - 7*v - 6. Let q be 234/(4/24*9). Suppose -11*z + 37*z = q. Calculate r(z).
-12
Suppose 2*b = 6, 0 = 37*q - 42*q - 5*b - 135. Let i(a) = -a - 31. Let v be i(q). Let t(f) = -13*f**2 - 1. Calculate t(v).
-14
Let b = -299 + 301. Let v(f) = -f + 10. Let j be v(8). Let y(x) = -2*x**j - 4*x + 5*x + 3*x - 2*x. Give y(b).
-4
Suppose g = -4*o + 95, 105 = -9*o + 13*o - g. Let f(i) = 20*i**2 - 3*i - 6 + 25*i**2 + o*i**2 - 100*i**2 + 29*i**2. Calculate f(-4).
-10
Let y(i) = -i**3 - 14*i**2 + 3*i + 9. Let z(b) = -2*b**2 + b + 1. Let o(h) = y(h) - 10*z(h). Suppose 3 + 7 = 2*s. Determine o(s).
-11
Suppose 2*k - 6*k - 20 = 0. Suppose 143 = 3*c - s, -2*c + c - 2*s + 43 = 0. Let g(r) = -23 + r + c - 18. What is g(k)?
1
Let n(i) be the second derivative of 5*i**3/6 - 63*i**2 - 169*i. Let b be n(27). Let d(h) = h - 12. Give d(b).
-3
Let r(v) be the second derivative of v**6/180 + v**5/120 - v**4/12 - v**3/6 - 7*v**2/2 + 57*v. Let x(t) be the second derivative of r(t). Give x(2).
8
Let z = 1736 - 1729. Let u(w) be the second derivative of w**4/12 - 3*w**3/2 + 5*w**2 + 6*w. Calculate u(z).
-4
Let w be (-5)/(-3) + -2 + (-4906)/(-66). Suppose 0 = -79*h + w*h - 4*l - 15, 3*h + 5*l + 22 = 0. Let f(o) = -14*o. Determine f(h).
-14
Let o(j) = -j**3 - 10*j**2 - 7*j + 1. Suppose a = -5*a + 444. Suppose 0 = -a*h + 55*h - 171. What is o(h)?
-17
Let n(o) = 264*o + 244*o - 526*o - 46. Give n(-2).
-10
Let d = 20 + -16. Let q be 3 + 2 + 1 - d. Let a(g) = q*g**3 - g + 7*g**2 + 7*g**3 - 10*g**3. What is a(7)?
-7
Let b(y) = -9*y**2 - 254*y + 16 + 498*y - 12 - 11 + y**3 - 226*y. Determine b(4).
-15
Let t(o) = o**2 + 5*o + 4. Let m be t(-5). Let n(d) be the first derivative of d**2/2 - 7*d + 14516. What is n(m)?
-3
Let h be 0/5 + -2 + (3 - 1). Suppose -c = -5*g - 5, -4*g + 7 - 3 = h. Let s(p) = -p**2 - 3*p**2 - c + 10*p + 3*p**2. Give s(9).
-1
Let u be 6 + 1 + -7 + 0. Let a(q) be the first derivative of -q**3/3 + 3*q - 1.